{"id":43,"date":"2019-02-04T12:14:39","date_gmt":"2019-02-04T12:14:39","guid":{"rendered":"https:\/\/www.physiopointpr\u00fcm.eu\/?page_id=43"},"modified":"2025-11-26T11:32:27","modified_gmt":"2025-11-26T11:32:27","slug":"unser-team","status":"publish","type":"page","link":"https:\/\/www.physiopointpr\u00fcm.eu\/?page_id=43","title":{"rendered":"Unser Team"},"content":{"rendered":"\n<div class=\"wp-block-media-text is-stacked-on-mobile\" style=\"grid-template-columns:16% auto\"><figure class=\"wp-block-media-text__media\"><img loading=\"lazy\" decoding=\"async\" width=\"750\" height=\"1000\" src=\"https:\/\/www.physiopointpr\u00fcm.eu\/wp-content\/uploads\/2022\/07\/alexander-haas-physiopoint-pruem-pruem-1.jpg\" alt=\"\" class=\"wp-image-371 size-full\" srcset=\"https:\/\/www.physiopointpr\u00fcm.eu\/wp-content\/uploads\/2022\/07\/alexander-haas-physiopoint-pruem-pruem-1.jpg 750w, https:\/\/www.physiopointpr\u00fcm.eu\/wp-content\/uploads\/2022\/07\/alexander-haas-physiopoint-pruem-pruem-1-225x300.jpg 225w\" sizes=\"auto, (max-width: 750px) 100vw, 750px\" \/><\/figure><div class=\"wp-block-media-text__content\">\n<h4 class=\"wp-block-heading\">Alexander Haas<\/h4>\n\n\n\n<p><strong>Inhaber<\/strong>, <strong>Physiotherapeut<\/strong><br>Sektoraler Heilpraktiker Physiotherapie<br>KG und KGZNS Erwachsene<br><br><strong>Fortbildungen:<\/strong><br>Br\u00fcggertherapie, PNF, Physiotherapie bei Multiple Sklerose, Physiotherapie bei Morbus Parkinson, Spiegeltherapie, u.a.  <\/p>\n<\/div><\/div>\n\n\n\n<div class=\"wp-block-media-text is-stacked-on-mobile\" style=\"grid-template-columns:16% auto\"><figure class=\"wp-block-media-text__media\"><img loading=\"lazy\" decoding=\"async\" width=\"721\" height=\"876\" src=\"https:\/\/www.physiopointpr\u00fcm.eu\/wp-content\/uploads\/2022\/07\/sarah-rode-physiopoint-pruem-pruem-1.jpg\" alt=\"\" class=\"wp-image-373 size-full\" srcset=\"https:\/\/www.physiopointpr\u00fcm.eu\/wp-content\/uploads\/2022\/07\/sarah-rode-physiopoint-pruem-pruem-1.jpg 721w, https:\/\/www.physiopointpr\u00fcm.eu\/wp-content\/uploads\/2022\/07\/sarah-rode-physiopoint-pruem-pruem-1-247x300.jpg 247w\" sizes=\"auto, (max-width: 721px) 100vw, 721px\" \/><\/figure><div class=\"wp-block-media-text__content\">\n<h4 class=\"wp-block-heading\"><strong>Sarah&nbsp;Rode<\/strong><\/h4>\n\n\n\n<p><strong>Physiotherapeutin<\/strong><br>KG, KGZNS Erwachsene, KGZNS Kinder<br><br><strong>Fortbildungen:<\/strong><br>Vojtatherapeutin, Manuelle Lymphdrainage, Craniomandibul\u00e4re Dysfunktion, Schr\u00f6pftechniken in der Physiotherapie u.a.<br><\/p>\n<\/div><\/div>\n\n\n\n<div class=\"wp-block-media-text is-stacked-on-mobile\" style=\"grid-template-columns:16% auto\"><figure class=\"wp-block-media-text__media\"><img loading=\"lazy\" decoding=\"async\" width=\"750\" height=\"1000\" src=\"https:\/\/www.physiopointpr\u00fcm.eu\/wp-content\/uploads\/2019\/02\/002-physiopoint-pr\u00fcm-pruem.jpg\" alt=\"\" class=\"wp-image-74 size-full\" srcset=\"https:\/\/www.physiopointpr\u00fcm.eu\/wp-content\/uploads\/2019\/02\/002-physiopoint-pr\u00fcm-pruem.jpg 750w, https:\/\/www.physiopointpr\u00fcm.eu\/wp-content\/uploads\/2019\/02\/002-physiopoint-pr\u00fcm-pruem-225x300.jpg 225w\" sizes=\"auto, (max-width: 750px) 100vw, 750px\" \/><\/figure><div class=\"wp-block-media-text__content\">\n<h4 class=\"wp-block-heading\"><strong>Magdalena Holz<\/strong><\/h4>\n\n\n\n<p class=\"has-text-align-left\">Physiotherapeutin, Fachwirtin im Gesundheitswesen<br>Schwerpunkt: Manuelle Lymphdrainage<br><br><br><br><br><br><br><\/p>\n<\/div><\/div>\n\n\n\n<div class=\"wp-block-media-text is-stacked-on-mobile\" style=\"grid-template-columns:16% auto\"><figure class=\"wp-block-media-text__media\"><img loading=\"lazy\" decoding=\"async\" width=\"750\" height=\"1000\" src=\"https:\/\/www.physiopointpr\u00fcm.eu\/wp-content\/uploads\/2019\/02\/002-physiopoint-pr\u00fcm-pruem.jpg\" alt=\"\" class=\"wp-image-74 size-full\" srcset=\"https:\/\/www.physiopointpr\u00fcm.eu\/wp-content\/uploads\/2019\/02\/002-physiopoint-pr\u00fcm-pruem.jpg 750w, https:\/\/www.physiopointpr\u00fcm.eu\/wp-content\/uploads\/2019\/02\/002-physiopoint-pr\u00fcm-pruem-225x300.jpg 225w\" sizes=\"auto, (max-width: 750px) 100vw, 750px\" \/><\/figure><div class=\"wp-block-media-text__content\">\n<h4 class=\"wp-block-heading\"><strong>Silke&nbsp;Madej<\/strong><\/h4>\n\n\n\n<p class=\"has-text-align-left\">Rezeption, Terminvergabe, R\u00fccksprache mit \u00c4rzten und vieles mehr<br><br><br><br><br><br><br><\/p>\n<\/div><\/div>\n\n\n\n<div class=\"wp-block-media-text is-stacked-on-mobile\" style=\"grid-template-columns:16% auto\"><figure class=\"wp-block-media-text__media\"><img loading=\"lazy\" decoding=\"async\" width=\"750\" height=\"1000\" src=\"https:\/\/www.physiopointpr\u00fcm.eu\/wp-content\/uploads\/2022\/07\/heike-haas-physiopoint-pruem-pruem.jpg\" alt=\"\" class=\"wp-image-367 size-full\" srcset=\"https:\/\/www.physiopointpr\u00fcm.eu\/wp-content\/uploads\/2022\/07\/heike-haas-physiopoint-pruem-pruem.jpg 750w, https:\/\/www.physiopointpr\u00fcm.eu\/wp-content\/uploads\/2022\/07\/heike-haas-physiopoint-pruem-pruem-225x300.jpg 225w\" sizes=\"auto, (max-width: 750px) 100vw, 750px\" \/><\/figure><div class=\"wp-block-media-text__content\">\n<h4 class=\"wp-block-heading\"><strong>Heike Haas<\/strong><\/h4>\n\n\n\n<p class=\"has-text-align-left\">B\u00fcrokauffrau, Backoffice, Rezeption<br><br><br><br><br><br><br><\/p>\n<\/div><\/div>\n\n\n\n<p><\/p>\n","protected":false},"excerpt":{"rendered":"<p>Alexander Haas Inhaber, PhysiotherapeutSektoraler Heilpraktiker PhysiotherapieKG und KGZNS Erwachsene Fortbildungen:Br\u00fcggertherapie, PNF, Physiotherapie bei Multiple Sklerose, Physiotherapie bei Morbus Parkinson, Spiegeltherapie, u.a. Sarah&nbsp;Rode PhysiotherapeutinKG, KGZNS Erwachsene, KGZNS Kinder Fortbildungen:Vojtatherapeutin, Manuelle Lymphdrainage, Craniomandibul\u00e4re Dysfunktion, Schr\u00f6pftechniken in der Physiotherapie u.a. Magdalena Holz Physiotherapeutin, Fachwirtin im GesundheitswesenSchwerpunkt: Manuelle Lymphdrainage Silke&nbsp;Madej Rezeption, Terminvergabe, R\u00fccksprache mit \u00c4rzten und vieles mehr Heike &#8230; <a title=\"Unser Team\" class=\"read-more\" href=\"https:\/\/www.physiopointpr\u00fcm.eu\/?page_id=43\" aria-label=\"Mehr Informationen \u00fcber Unser Team\">Read more<\/a><\/p>\n","protected":false},"author":1,"featured_media":0,"parent":0,"menu_order":0,"comment_status":"closed","ping_status":"closed","template":"","meta":{"footnotes":""},"class_list":["post-43","page","type-page","status-publish"],"yoast_head":"<!-- This site is optimized with the Yoast SEO plugin v24.2 - https:\/\/yoast.com\/wordpress\/plugins\/seo\/ -->\n<title>Unser Team - PhysioPointPr\u00fcm | Physiotherapie | Krankengymnastik<\/title>\n<meta name=\"description\" content=\"Im Vordergrund unserer Bem\u00fchungen steht die bestm\u00f6gliche Betreuung unserer Patient(inn)en durch ein qualifiziertes und engagiertes Praxisteam.\" \/>\n<meta name=\"robots\" content=\"index, follow, max-snippet:-1, max-image-preview:large, max-video-preview:-1\" \/>\n<link rel=\"canonical\" href=\"https:\/\/www.physiopointpr\u00fcm.eu\/?page_id=43\" \/>\n<meta property=\"og:locale\" content=\"de_DE\" \/>\n<meta property=\"og:type\" content=\"article\" \/>\n<meta property=\"og:title\" content=\"Unser Team - PhysioPointPr\u00fcm | Physiotherapie | Krankengymnastik\" \/>\n<meta property=\"og:description\" content=\"Im Vordergrund unserer Bem\u00fchungen steht die bestm\u00f6gliche Betreuung unserer Patient(inn)en durch ein qualifiziertes und engagiertes Praxisteam.\" \/>\n<meta property=\"og:url\" content=\"https:\/\/www.physiopointpr\u00fcm.eu\/?page_id=43\" \/>\n<meta property=\"og:site_name\" content=\"PhysioPointPr\u00fcm\" \/>\n<meta property=\"article:modified_time\" content=\"2025-11-26T11:32:27+00:00\" \/>\n<meta name=\"twitter:card\" content=\"summary_large_image\" \/>\n<meta name=\"twitter:label1\" content=\"Gesch\u00e4tzte Lesezeit\" \/>\n\t<meta name=\"twitter:data1\" content=\"2\u00a0Minuten\" \/>\n<script type=\"application\/ld+json\" class=\"yoast-schema-graph\">{\"@context\":\"https:\/\/schema.org\",\"@graph\":[{\"@type\":\"WebPage\",\"@id\":\"https:\/\/www.physiopointpr\u00fcm.eu\/?page_id=43\",\"url\":\"https:\/\/www.physiopointpr\u00fcm.eu\/?page_id=43\",\"name\":\"Unser Team - PhysioPointPr\u00fcm | Physiotherapie | Krankengymnastik\",\"isPartOf\":{\"@id\":\"https:\/\/www.physiopointpr\u00fcm.eu\/#website\"},\"datePublished\":\"2019-02-04T12:14:39+00:00\",\"dateModified\":\"2025-11-26T11:32:27+00:00\",\"description\":\"Im Vordergrund unserer Bem\u00fchungen steht die bestm\u00f6gliche Betreuung unserer Patient(inn)en durch ein qualifiziertes und engagiertes Praxisteam.\",\"breadcrumb\":{\"@id\":\"https:\/\/www.physiopointpr\u00fcm.eu\/?page_id=43#breadcrumb\"},\"inLanguage\":\"de\",\"potentialAction\":[{\"@type\":\"ReadAction\",\"target\":[\"https:\/\/www.physiopointpr\u00fcm.eu\/?page_id=43\"]}]},{\"@type\":\"BreadcrumbList\",\"@id\":\"https:\/\/www.physiopointpr\u00fcm.eu\/?page_id=43#breadcrumb\",\"itemListElement\":[{\"@type\":\"ListItem\",\"position\":1,\"name\":\"Startseite\",\"item\":\"https:\/\/www.physiopointpr\u00fcm.eu\/\"},{\"@type\":\"ListItem\",\"position\":2,\"name\":\"Unser Team\"}]},{\"@type\":\"WebSite\",\"@id\":\"https:\/\/www.physiopointpr\u00fcm.eu\/#website\",\"url\":\"https:\/\/www.physiopointpr\u00fcm.eu\/\",\"name\":\"PhysioPointPr\u00fcm\",\"description\":\"\",\"publisher\":{\"@id\":\"https:\/\/www.physiopointpr\u00fcm.eu\/#organization\"},\"potentialAction\":[{\"@type\":\"SearchAction\",\"target\":{\"@type\":\"EntryPoint\",\"urlTemplate\":\"https:\/\/www.physiopointpr\u00fcm.eu\/?s={search_term_string}\"},\"query-input\":{\"@type\":\"PropertyValueSpecification\",\"valueRequired\":true,\"valueName\":\"search_term_string\"}}],\"inLanguage\":\"de\"},{\"@type\":\"Organization\",\"@id\":\"https:\/\/www.physiopointpr\u00fcm.eu\/#organization\",\"name\":\"PhysioPointPr\u00fcm\",\"url\":\"https:\/\/www.physiopointpr\u00fcm.eu\/\",\"logo\":{\"@type\":\"ImageObject\",\"inLanguage\":\"de\",\"@id\":\"https:\/\/www.physiopointpr\u00fcm.eu\/#\/schema\/logo\/image\/\",\"url\":\"https:\/\/www.physiopointpr\u00fcm.eu\/wp-content\/uploads\/2019\/02\/logo-physiopointpr\u00fcm-pruem-200px.png\",\"contentUrl\":\"https:\/\/www.physiopointpr\u00fcm.eu\/wp-content\/uploads\/2019\/02\/logo-physiopointpr\u00fcm-pruem-200px.png\",\"width\":210,\"height\":200,\"caption\":\"PhysioPointPr\u00fcm\"},\"image\":{\"@id\":\"https:\/\/www.physiopointpr\u00fcm.eu\/#\/schema\/logo\/image\/\"}}]}<\/script>\n<!-- \/ Yoast SEO plugin. -->","yoast_head_json":{"title":"Unser Team - PhysioPointPr\u00fcm | Physiotherapie | Krankengymnastik","description":"Im Vordergrund unserer Bem\u00fchungen steht die bestm\u00f6gliche Betreuung unserer Patient(inn)en durch ein qualifiziertes und engagiertes Praxisteam.","robots":{"index":"index","follow":"follow","max-snippet":"max-snippet:-1","max-image-preview":"max-image-preview:large","max-video-preview":"max-video-preview:-1"},"canonical":"https:\/\/www.physiopointpr\u00fcm.eu\/?page_id=43","og_locale":"de_DE","og_type":"article","og_title":"Unser Team - PhysioPointPr\u00fcm | Physiotherapie | Krankengymnastik","og_description":"Im Vordergrund unserer Bem\u00fchungen steht die bestm\u00f6gliche Betreuung unserer Patient(inn)en durch ein qualifiziertes und engagiertes Praxisteam.","og_url":"https:\/\/www.physiopointpr\u00fcm.eu\/?page_id=43","og_site_name":"PhysioPointPr\u00fcm","article_modified_time":"2025-11-26T11:32:27+00:00","twitter_card":"summary_large_image","twitter_misc":{"Gesch\u00e4tzte Lesezeit":"2\u00a0Minuten"},"schema":{"@context":"https:\/\/schema.org","@graph":[{"@type":"WebPage","@id":"https:\/\/www.physiopointpr\u00fcm.eu\/?page_id=43","url":"https:\/\/www.physiopointpr\u00fcm.eu\/?page_id=43","name":"Unser Team - PhysioPointPr\u00fcm | Physiotherapie | Krankengymnastik","isPartOf":{"@id":"https:\/\/www.physiopointpr\u00fcm.eu\/#website"},"datePublished":"2019-02-04T12:14:39+00:00","dateModified":"2025-11-26T11:32:27+00:00","description":"Im Vordergrund unserer Bem\u00fchungen steht die bestm\u00f6gliche Betreuung unserer Patient(inn)en durch ein qualifiziertes und engagiertes Praxisteam.","breadcrumb":{"@id":"https:\/\/www.physiopointpr\u00fcm.eu\/?page_id=43#breadcrumb"},"inLanguage":"de","potentialAction":[{"@type":"ReadAction","target":["https:\/\/www.physiopointpr\u00fcm.eu\/?page_id=43"]}]},{"@type":"BreadcrumbList","@id":"https:\/\/www.physiopointpr\u00fcm.eu\/?page_id=43#breadcrumb","itemListElement":[{"@type":"ListItem","position":1,"name":"Startseite","item":"https:\/\/www.physiopointpr\u00fcm.eu\/"},{"@type":"ListItem","position":2,"name":"Unser Team"}]},{"@type":"WebSite","@id":"https:\/\/www.physiopointpr\u00fcm.eu\/#website","url":"https:\/\/www.physiopointpr\u00fcm.eu\/","name":"PhysioPointPr\u00fcm","description":"","publisher":{"@id":"https:\/\/www.physiopointpr\u00fcm.eu\/#organization"},"potentialAction":[{"@type":"SearchAction","target":{"@type":"EntryPoint","urlTemplate":"https:\/\/www.physiopointpr\u00fcm.eu\/?s={search_term_string}"},"query-input":{"@type":"PropertyValueSpecification","valueRequired":true,"valueName":"search_term_string"}}],"inLanguage":"de"},{"@type":"Organization","@id":"https:\/\/www.physiopointpr\u00fcm.eu\/#organization","name":"PhysioPointPr\u00fcm","url":"https:\/\/www.physiopointpr\u00fcm.eu\/","logo":{"@type":"ImageObject","inLanguage":"de","@id":"https:\/\/www.physiopointpr\u00fcm.eu\/#\/schema\/logo\/image\/","url":"https:\/\/www.physiopointpr\u00fcm.eu\/wp-content\/uploads\/2019\/02\/logo-physiopointpr\u00fcm-pruem-200px.png","contentUrl":"https:\/\/www.physiopointpr\u00fcm.eu\/wp-content\/uploads\/2019\/02\/logo-physiopointpr\u00fcm-pruem-200px.png","width":210,"height":200,"caption":"PhysioPointPr\u00fcm"},"image":{"@id":"https:\/\/www.physiopointpr\u00fcm.eu\/#\/schema\/logo\/image\/"}}]}},"_links":{"self":[{"href":"https:\/\/www.physiopointpr\u00fcm.eu\/index.php?rest_route=\/wp\/v2\/pages\/43","targetHints":{"allow":["GET"]}}],"collection":[{"href":"https:\/\/www.physiopointpr\u00fcm.eu\/index.php?rest_route=\/wp\/v2\/pages"}],"about":[{"href":"https:\/\/www.physiopointpr\u00fcm.eu\/index.php?rest_route=\/wp\/v2\/types\/page"}],"author":[{"embeddable":true,"href":"https:\/\/www.physiopointpr\u00fcm.eu\/index.php?rest_route=\/wp\/v2\/users\/1"}],"replies":[{"embeddable":true,"href":"https:\/\/www.physiopointpr\u00fcm.eu\/index.php?rest_route=%2Fwp%2Fv2%2Fcomments&post=43"}],"version-history":[{"count":41,"href":"https:\/\/www.physiopointpr\u00fcm.eu\/index.php?rest_route=\/wp\/v2\/pages\/43\/revisions"}],"predecessor-version":[{"id":393,"href":"https:\/\/www.physiopointpr\u00fcm.eu\/index.php?rest_route=\/wp\/v2\/pages\/43\/revisions\/393"}],"wp:attachment":[{"href":"https:\/\/www.physiopointpr\u00fcm.eu\/index.php?rest_route=%2Fwp%2Fv2%2Fmedia&parent=43"}],"curies":[{"name":"wp","href":"https:\/\/api.w.org\/{rel}","templated":true}]}}