{"id":5,"date":"2019-02-02T12:53:42","date_gmt":"2019-02-02T12:53:42","guid":{"rendered":"https:\/\/www.physiopointpr\u00fcm.eu\/?page_id=5"},"modified":"2025-07-24T09:16:22","modified_gmt":"2025-07-24T09:16:22","slug":"impressum","status":"publish","type":"page","link":"https:\/\/www.physiopointpr\u00fcm.eu\/?page_id=5","title":{"rendered":"Impressum"},"content":{"rendered":"<p>Alexander Haas<br \/>\nPhysioPointPr\u00fcm<br \/>\nKolpingstra\u00dfe 3<br \/>\n54595 Pr\u00fcm<\/p>\n<h2>Kontakt<\/h2>\n<p>Telefon: 0 65 51 \/ 7 00 33<br \/>\nFax: 0 65 51 \/ 965 999 0<br \/>\nE-Mail: <a href=\"mailto:physiopointpruem@t-online.de\">physiopointpruem@t-online.de<\/a><\/p>\n<p><strong>Mitglied im VPT-Verband Physikalische Therapie<\/strong><\/p>\n<h2>Aufsichtsbeh\u00f6rde<\/h2>\n<p>Gesundheitsamt sowie Kassenverb\u00e4nde der Krankenkasse sowie Berufsverband<\/p>\n<h2>Berufsbezeichnung und berufsrechtliche Regelungen<\/h2>\n<p><strong>Berufsbezeichnung:<\/strong> Physiotherapeut<br \/>\n<strong>Verliehen durch:<\/strong>\u00a0Hessen, Regierungspr\u00e4sidium Kassel<br \/>\n<strong>Es gelten folgende berufsrechtliche Regelungen:<\/strong> Berufsordnung f\u00fcr Physiotherapeuten<\/p>\n<h2>Angaben zur Berufshaftpflichtversicherung<\/h2>\n<p><strong>Name und Sitz des Versicherers: <\/strong>R+V Versicherungen Frankfurt<br \/>\n<strong>Geltungsraum der Versicherung:\u00a0<\/strong>Im Wirkungsbereich der Therapeuten<\/p>\n<h2>Verbraucher\u00adstreit\u00adbeilegung\/Universal\u00adschlichtungs\u00adstelle<\/h2>\n<p>Wir sind nicht bereit oder verpflichtet, an Streitbeilegungsverfahren vor einer Verbraucherschlichtungsstelle teilzunehmen.<\/p>\n<h3>Haftung f\u00fcr Inhalte<\/h3>\n<p>Als Diensteanbieter sind wir gem\u00e4\u00df \u00a7 7 Abs.1 TMG f\u00fcr eigene Inhalte auf diesen Seiten nach den allgemeinen Gesetzen verantwortlich. Nach \u00a7\u00a7 8 bis 10 TMG sind wir als Diensteanbieter jedoch nicht verpflichtet, \u00fcbermittelte oder gespeicherte fremde Informationen zu \u00fcberwachen oder nach Umst\u00e4nden zu forschen, die auf eine rechtswidrige T\u00e4tigkeit hinweisen.<\/p>\n<p>Verpflichtungen zur Entfernung oder Sperrung der Nutzung von Informationen nach den allgemeinen Gesetzen bleiben hiervon unber\u00fchrt. Eine diesbez\u00fcgliche Haftung ist jedoch erst ab dem Zeitpunkt der Kenntnis einer konkreten Rechtsverletzung m\u00f6glich. Bei Bekanntwerden von entsprechenden Rechtsverletzungen werden wir diese Inhalte umgehend entfernen.<\/p>\n<h3>Haftung f\u00fcr Links<\/h3>\n<p>Unser Angebot enth\u00e4lt Links zu externen Websites Dritter, auf deren Inhalte wir keinen Einfluss haben. Deshalb k\u00f6nnen wir f\u00fcr diese fremden Inhalte auch keine Gew\u00e4hr \u00fcbernehmen. F\u00fcr die Inhalte der verlinkten Seiten ist stets der jeweilige Anbieter oder Betreiber der Seiten verantwortlich. Die verlinkten Seiten wurden zum Zeitpunkt der Verlinkung auf m\u00f6gliche Rechtsverst\u00f6\u00dfe \u00fcberpr\u00fcft. Rechtswidrige Inhalte waren zum Zeitpunkt der Verlinkung nicht erkennbar.<\/p>\n<p>Eine permanente inhaltliche Kontrolle der verlinkten Seiten ist jedoch ohne konkrete Anhaltspunkte einer Rechtsverletzung nicht zumutbar. Bei Bekanntwerden von Rechtsverletzungen werden wir derartige Links umgehend entfernen.<\/p>\n<h3>Urheberrecht<\/h3>\n<p>Die durch die Seitenbetreiber erstellten Inhalte und Werke auf diesen Seiten unterliegen dem deutschen Urheberrecht. Die Vervielf\u00e4ltigung, Bearbeitung, Verbreitung und jede Art der Verwertung au\u00dferhalb der Grenzen des Urheberrechtes bed\u00fcrfen der schriftlichen Zustimmung des jeweiligen Autors bzw. Erstellers. Downloads und Kopien dieser Seite sind nur f\u00fcr den privaten, nicht kommerziellen Gebrauch gestattet.<\/p>\n<p>Soweit die Inhalte auf dieser Seite nicht vom Betreiber erstellt wurden, werden die Urheberrechte Dritter beachtet. Insbesondere werden Inhalte Dritter als solche gekennzeichnet. Sollten Sie trotzdem auf eine Urheberrechtsverletzung aufmerksam werden, bitten wir um einen entsprechenden Hinweis. Bei Bekanntwerden von Rechtsverletzungen werden wir derartige Inhalte umgehend entfernen.<\/p>\n","protected":false},"excerpt":{"rendered":"<p>Alexander Haas PhysioPointPr\u00fcm Kolpingstra\u00dfe 3 54595 Pr\u00fcm Kontakt Telefon: 0 65 51 \/ 7 00 33 Fax: 0 65 51 \/ 965 999 0 E-Mail: physiopointpruem@t-online.de Mitglied im VPT-Verband Physikalische Therapie Aufsichtsbeh\u00f6rde Gesundheitsamt sowie Kassenverb\u00e4nde der Krankenkasse sowie Berufsverband Berufsbezeichnung und berufsrechtliche Regelungen Berufsbezeichnung: Physiotherapeut Verliehen durch:\u00a0Hessen, Regierungspr\u00e4sidium Kassel Es gelten folgende berufsrechtliche Regelungen: Berufsordnung &#8230; <a title=\"Impressum\" class=\"read-more\" href=\"https:\/\/www.physiopointpr\u00fcm.eu\/?page_id=5\" aria-label=\"Mehr Informationen \u00fcber Impressum\">Read more<\/a><\/p>\n","protected":false},"author":1,"featured_media":0,"parent":0,"menu_order":0,"comment_status":"closed","ping_status":"closed","template":"","meta":{"footnotes":""},"class_list":["post-5","page","type-page","status-publish"],"yoast_head":"<!-- This site is optimized with the Yoast SEO plugin v24.2 - https:\/\/yoast.com\/wordpress\/plugins\/seo\/ -->\n<title>Impressum - PhysioPointPr\u00fcm | Physiotherapie | Krankengymnastik<\/title>\n<meta name=\"description\" content=\"Impressum der Praxis PhysioPointPr\u00fcm, Kolpingstra\u00dfe 3, 54595 Pr\u00fcm\" \/>\n<meta name=\"robots\" content=\"index, follow, max-snippet:-1, max-image-preview:large, max-video-preview:-1\" \/>\n<link rel=\"canonical\" href=\"https:\/\/www.physiopointpr\u00fcm.eu\/?page_id=5\" \/>\n<meta property=\"og:locale\" content=\"de_DE\" \/>\n<meta property=\"og:type\" content=\"article\" \/>\n<meta property=\"og:title\" content=\"Impressum - PhysioPointPr\u00fcm | Physiotherapie | Krankengymnastik\" \/>\n<meta property=\"og:description\" content=\"Impressum der Praxis PhysioPointPr\u00fcm, Kolpingstra\u00dfe 3, 54595 Pr\u00fcm\" \/>\n<meta property=\"og:url\" content=\"https:\/\/www.physiopointpr\u00fcm.eu\/?page_id=5\" \/>\n<meta property=\"og:site_name\" content=\"PhysioPointPr\u00fcm\" \/>\n<meta property=\"article:modified_time\" content=\"2025-07-24T09:16:22+00:00\" \/>\n<meta name=\"twitter:card\" content=\"summary_large_image\" \/>\n<meta name=\"twitter:label1\" content=\"Gesch\u00e4tzte Lesezeit\" \/>\n\t<meta name=\"twitter:data1\" content=\"3\u00a0Minuten\" \/>\n<script type=\"application\/ld+json\" class=\"yoast-schema-graph\">{\"@context\":\"https:\/\/schema.org\",\"@graph\":[{\"@type\":\"WebPage\",\"@id\":\"https:\/\/www.physiopointpr\u00fcm.eu\/?page_id=5\",\"url\":\"https:\/\/www.physiopointpr\u00fcm.eu\/?page_id=5\",\"name\":\"Impressum - PhysioPointPr\u00fcm | Physiotherapie | Krankengymnastik\",\"isPartOf\":{\"@id\":\"https:\/\/www.physiopointpr\u00fcm.eu\/#website\"},\"datePublished\":\"2019-02-02T12:53:42+00:00\",\"dateModified\":\"2025-07-24T09:16:22+00:00\",\"description\":\"Impressum der Praxis PhysioPointPr\u00fcm, Kolpingstra\u00dfe 3, 54595 Pr\u00fcm\",\"breadcrumb\":{\"@id\":\"https:\/\/www.physiopointpr\u00fcm.eu\/?page_id=5#breadcrumb\"},\"inLanguage\":\"de\",\"potentialAction\":[{\"@type\":\"ReadAction\",\"target\":[\"https:\/\/www.physiopointpr\u00fcm.eu\/?page_id=5\"]}]},{\"@type\":\"BreadcrumbList\",\"@id\":\"https:\/\/www.physiopointpr\u00fcm.eu\/?page_id=5#breadcrumb\",\"itemListElement\":[{\"@type\":\"ListItem\",\"position\":1,\"name\":\"Startseite\",\"item\":\"https:\/\/www.physiopointpr\u00fcm.eu\/\"},{\"@type\":\"ListItem\",\"position\":2,\"name\":\"Impressum\"}]},{\"@type\":\"WebSite\",\"@id\":\"https:\/\/www.physiopointpr\u00fcm.eu\/#website\",\"url\":\"https:\/\/www.physiopointpr\u00fcm.eu\/\",\"name\":\"PhysioPointPr\u00fcm\",\"description\":\"\",\"publisher\":{\"@id\":\"https:\/\/www.physiopointpr\u00fcm.eu\/#organization\"},\"potentialAction\":[{\"@type\":\"SearchAction\",\"target\":{\"@type\":\"EntryPoint\",\"urlTemplate\":\"https:\/\/www.physiopointpr\u00fcm.eu\/?s={search_term_string}\"},\"query-input\":{\"@type\":\"PropertyValueSpecification\",\"valueRequired\":true,\"valueName\":\"search_term_string\"}}],\"inLanguage\":\"de\"},{\"@type\":\"Organization\",\"@id\":\"https:\/\/www.physiopointpr\u00fcm.eu\/#organization\",\"name\":\"PhysioPointPr\u00fcm\",\"url\":\"https:\/\/www.physiopointpr\u00fcm.eu\/\",\"logo\":{\"@type\":\"ImageObject\",\"inLanguage\":\"de\",\"@id\":\"https:\/\/www.physiopointpr\u00fcm.eu\/#\/schema\/logo\/image\/\",\"url\":\"https:\/\/www.physiopointpr\u00fcm.eu\/wp-content\/uploads\/2019\/02\/logo-physiopointpr\u00fcm-pruem-200px.png\",\"contentUrl\":\"https:\/\/www.physiopointpr\u00fcm.eu\/wp-content\/uploads\/2019\/02\/logo-physiopointpr\u00fcm-pruem-200px.png\",\"width\":210,\"height\":200,\"caption\":\"PhysioPointPr\u00fcm\"},\"image\":{\"@id\":\"https:\/\/www.physiopointpr\u00fcm.eu\/#\/schema\/logo\/image\/\"}}]}<\/script>\n<!-- \/ Yoast SEO plugin. -->","yoast_head_json":{"title":"Impressum - PhysioPointPr\u00fcm | Physiotherapie | Krankengymnastik","description":"Impressum der Praxis PhysioPointPr\u00fcm, Kolpingstra\u00dfe 3, 54595 Pr\u00fcm","robots":{"index":"index","follow":"follow","max-snippet":"max-snippet:-1","max-image-preview":"max-image-preview:large","max-video-preview":"max-video-preview:-1"},"canonical":"https:\/\/www.physiopointpr\u00fcm.eu\/?page_id=5","og_locale":"de_DE","og_type":"article","og_title":"Impressum - PhysioPointPr\u00fcm | Physiotherapie | Krankengymnastik","og_description":"Impressum der Praxis PhysioPointPr\u00fcm, Kolpingstra\u00dfe 3, 54595 Pr\u00fcm","og_url":"https:\/\/www.physiopointpr\u00fcm.eu\/?page_id=5","og_site_name":"PhysioPointPr\u00fcm","article_modified_time":"2025-07-24T09:16:22+00:00","twitter_card":"summary_large_image","twitter_misc":{"Gesch\u00e4tzte Lesezeit":"3\u00a0Minuten"},"schema":{"@context":"https:\/\/schema.org","@graph":[{"@type":"WebPage","@id":"https:\/\/www.physiopointpr\u00fcm.eu\/?page_id=5","url":"https:\/\/www.physiopointpr\u00fcm.eu\/?page_id=5","name":"Impressum - PhysioPointPr\u00fcm | Physiotherapie | Krankengymnastik","isPartOf":{"@id":"https:\/\/www.physiopointpr\u00fcm.eu\/#website"},"datePublished":"2019-02-02T12:53:42+00:00","dateModified":"2025-07-24T09:16:22+00:00","description":"Impressum der Praxis PhysioPointPr\u00fcm, Kolpingstra\u00dfe 3, 54595 Pr\u00fcm","breadcrumb":{"@id":"https:\/\/www.physiopointpr\u00fcm.eu\/?page_id=5#breadcrumb"},"inLanguage":"de","potentialAction":[{"@type":"ReadAction","target":["https:\/\/www.physiopointpr\u00fcm.eu\/?page_id=5"]}]},{"@type":"BreadcrumbList","@id":"https:\/\/www.physiopointpr\u00fcm.eu\/?page_id=5#breadcrumb","itemListElement":[{"@type":"ListItem","position":1,"name":"Startseite","item":"https:\/\/www.physiopointpr\u00fcm.eu\/"},{"@type":"ListItem","position":2,"name":"Impressum"}]},{"@type":"WebSite","@id":"https:\/\/www.physiopointpr\u00fcm.eu\/#website","url":"https:\/\/www.physiopointpr\u00fcm.eu\/","name":"PhysioPointPr\u00fcm","description":"","publisher":{"@id":"https:\/\/www.physiopointpr\u00fcm.eu\/#organization"},"potentialAction":[{"@type":"SearchAction","target":{"@type":"EntryPoint","urlTemplate":"https:\/\/www.physiopointpr\u00fcm.eu\/?s={search_term_string}"},"query-input":{"@type":"PropertyValueSpecification","valueRequired":true,"valueName":"search_term_string"}}],"inLanguage":"de"},{"@type":"Organization","@id":"https:\/\/www.physiopointpr\u00fcm.eu\/#organization","name":"PhysioPointPr\u00fcm","url":"https:\/\/www.physiopointpr\u00fcm.eu\/","logo":{"@type":"ImageObject","inLanguage":"de","@id":"https:\/\/www.physiopointpr\u00fcm.eu\/#\/schema\/logo\/image\/","url":"https:\/\/www.physiopointpr\u00fcm.eu\/wp-content\/uploads\/2019\/02\/logo-physiopointpr\u00fcm-pruem-200px.png","contentUrl":"https:\/\/www.physiopointpr\u00fcm.eu\/wp-content\/uploads\/2019\/02\/logo-physiopointpr\u00fcm-pruem-200px.png","width":210,"height":200,"caption":"PhysioPointPr\u00fcm"},"image":{"@id":"https:\/\/www.physiopointpr\u00fcm.eu\/#\/schema\/logo\/image\/"}}]}},"_links":{"self":[{"href":"https:\/\/www.physiopointpr\u00fcm.eu\/index.php?rest_route=\/wp\/v2\/pages\/5","targetHints":{"allow":["GET"]}}],"collection":[{"href":"https:\/\/www.physiopointpr\u00fcm.eu\/index.php?rest_route=\/wp\/v2\/pages"}],"about":[{"href":"https:\/\/www.physiopointpr\u00fcm.eu\/index.php?rest_route=\/wp\/v2\/types\/page"}],"author":[{"embeddable":true,"href":"https:\/\/www.physiopointpr\u00fcm.eu\/index.php?rest_route=\/wp\/v2\/users\/1"}],"replies":[{"embeddable":true,"href":"https:\/\/www.physiopointpr\u00fcm.eu\/index.php?rest_route=%2Fwp%2Fv2%2Fcomments&post=5"}],"version-history":[{"count":10,"href":"https:\/\/www.physiopointpr\u00fcm.eu\/index.php?rest_route=\/wp\/v2\/pages\/5\/revisions"}],"predecessor-version":[{"id":389,"href":"https:\/\/www.physiopointpr\u00fcm.eu\/index.php?rest_route=\/wp\/v2\/pages\/5\/revisions\/389"}],"wp:attachment":[{"href":"https:\/\/www.physiopointpr\u00fcm.eu\/index.php?rest_route=%2Fwp%2Fv2%2Fmedia&parent=5"}],"curies":[{"name":"wp","href":"https:\/\/api.w.org\/{rel}","templated":true}]}}